{"id":1720,"date":"2021-10-14T11:20:51","date_gmt":"2021-10-14T16:20:51","guid":{"rendered":"https:\/\/regalaflores.com\/wp\/?page_id=1720"},"modified":"2021-10-14T11:20:51","modified_gmt":"2021-10-14T16:20:51","slug":"quienes-somos","status":"publish","type":"page","link":"https:\/\/regalaflores.com\/site\/quienes-somos\/","title":{"rendered":"Quienes Somos"},"content":{"rendered":"\n<p>Regalaflores.com, \u201c La expresi\u00f3n de un sentimiento\u201d.<\/p>\n\n\n\n<p>Es una tienda virtual o tienda online en un sitio web dise\u00f1ado especialmente para romper la barrera de la distancia y hacer llegar detalles a personas especiales en momentos que recordaran siempre.<\/p>\n\n\n\n<p>Somos el resultado de muchos a\u00f1os de experiencia en la elaboraci\u00f3n de arreglos florales y que trav\u00e9s de nuestro servicio con calidez, profesionalismo y complicidad brindamos experiencias incre\u00edbles dependiendo de las necesidades de cada cliente siendo un puente entre sus emociones y la entrega al destinatario final.<\/p>\n\n\n\n<p>Para nosotros entregar sonrisas y buenos deseos es m\u00e1s que s\u00f3lo un buen detalle, as\u00ed que nos encargamos de dise\u00f1ar la mejor experiencia de compra, env\u00edo de flores y regalos para ti.<\/p>\n","protected":false},"excerpt":{"rendered":"<p>Regalaflores.com, \u201c La expresi\u00f3n de un sentimiento\u201d. Es una tienda virtual o tienda online en un sitio web dise\u00f1ado especialmente para romper la barrera de la distancia y hacer llegar detalles a personas especiales en momentos que recordaran siempre. Somos el resultado de muchos a\u00f1os de experiencia en la elaboraci\u00f3n de arreglos florales y que [&hellip;]<\/p>\n","protected":false},"author":1,"featured_media":0,"parent":0,"menu_order":0,"comment_status":"closed","ping_status":"closed","template":"","meta":{"spay_email":"","footnotes":""},"class_list":["post-1720","page","type-page","status-publish","hentry","notblog"],"_links":{"self":[{"href":"https:\/\/regalaflores.com\/site\/wp-json\/wp\/v2\/pages\/1720","targetHints":{"allow":["GET"]}}],"collection":[{"href":"https:\/\/regalaflores.com\/site\/wp-json\/wp\/v2\/pages"}],"about":[{"href":"https:\/\/regalaflores.com\/site\/wp-json\/wp\/v2\/types\/page"}],"author":[{"embeddable":true,"href":"https:\/\/regalaflores.com\/site\/wp-json\/wp\/v2\/users\/1"}],"replies":[{"embeddable":true,"href":"https:\/\/regalaflores.com\/site\/wp-json\/wp\/v2\/comments?post=1720"}],"version-history":[{"count":1,"href":"https:\/\/regalaflores.com\/site\/wp-json\/wp\/v2\/pages\/1720\/revisions"}],"predecessor-version":[{"id":1721,"href":"https:\/\/regalaflores.com\/site\/wp-json\/wp\/v2\/pages\/1720\/revisions\/1721"}],"wp:attachment":[{"href":"https:\/\/regalaflores.com\/site\/wp-json\/wp\/v2\/media?parent=1720"}],"curies":[{"name":"wp","href":"https:\/\/api.w.org\/{rel}","templated":true}]}}