{"id":210,"date":"2020-02-13T14:02:43","date_gmt":"2020-02-13T19:02:43","guid":{"rendered":"http:\/\/regalaflores.com\/wp\/?post_type=product&#038;p=210"},"modified":"2021-10-22T20:52:10","modified_gmt":"2021-10-23T01:52:10","slug":"te-amo","status":"publish","type":"product","link":"https:\/\/regalaflores.com\/site\/producto\/te-amo\/","title":{"rendered":"Te Amo"},"content":{"rendered":"<p class=\"p1\">Se utiliza aproximadamente: 14 rosas rojas en forma de coraz\u00f3n, rusco y Gypsophila blanca para decorar, 1 oso de 15 cm de alto y un globo con mensaje de amor.Tiene una base de madera de 30 x 25 cm con una l\u00e1mina de oasis h\u00famedo y forrado en papel celof\u00e1n para proteger la caja.Elaborar de acuerdo a la imagen.<\/p>\n","protected":false},"excerpt":{"rendered":"<p class=\"p1\">Hermoso arreglo de 14 rosas rojas en forma de coraz\u00f3n, rusco y gypsophila<span class=\"Apple-converted-space\">\u00a0 <\/span>para decorar, 1 oso de 15 cm (modelo sujeto a disponibilidad) y un globo con mensaje de amor. Tiene una base de madera.<\/p>\n","protected":false},"featured_media":190,"template":"","meta":{"spay_email":"","jetpack_publicize_message":"","jetpack_is_tweetstorm":false,"jetpack_publicize_feature_enabled":true},"product_cat":[52,43,47,33,46,17],"product_tag":[],"class_list":["post-210","product","type-product","status-publish","has-post-thumbnail","hentry","product_cat-arreglo","product_cat-amor","product_cat-aniversario","product_cat-cumpleanos","product_cat-para-ella","product_cat-rosas","notblog"],"_links":{"self":[{"href":"https:\/\/regalaflores.com\/site\/wp-json\/wp\/v2\/product\/210","targetHints":{"allow":["GET"]}}],"collection":[{"href":"https:\/\/regalaflores.com\/site\/wp-json\/wp\/v2\/product"}],"about":[{"href":"https:\/\/regalaflores.com\/site\/wp-json\/wp\/v2\/types\/product"}],"wp:featuredmedia":[{"embeddable":true,"href":"https:\/\/regalaflores.com\/site\/wp-json\/wp\/v2\/media\/190"}],"wp:attachment":[{"href":"https:\/\/regalaflores.com\/site\/wp-json\/wp\/v2\/media?parent=210"}],"wp:term":[{"taxonomy":"product_cat","embeddable":true,"href":"https:\/\/regalaflores.com\/site\/wp-json\/wp\/v2\/product_cat?post=210"},{"taxonomy":"product_tag","embeddable":true,"href":"https:\/\/regalaflores.com\/site\/wp-json\/wp\/v2\/product_tag?post=210"}],"curies":[{"name":"wp","href":"https:\/\/api.w.org\/{rel}","templated":true}]}}