{"id":266,"date":"2020-02-18T11:53:14","date_gmt":"2020-02-18T16:53:14","guid":{"rendered":"http:\/\/regalaflores.com\/wp\/?post_type=product&#038;p=266"},"modified":"2021-10-14T18:50:32","modified_gmt":"2021-10-14T23:50:32","slug":"canasta-bocas-de-dragon","status":"publish","type":"product","link":"https:\/\/regalaflores.com\/site\/producto\/canasta-bocas-de-dragon\/","title":{"rendered":"Canasta Bocas de Drag\u00f3n"},"content":{"rendered":"<p class=\"p1\">Se utiliza aproximadamente: 24 bocas de drag\u00f3n, 8 gerberas fucsia, 3 girasoles, decorada con rusco. Tiene una canasta mediana de 34 x 24 cm y un oasis h\u00famedo forrado de celof\u00e1n para proteger la caja. Elaborar de acuerdo a la imagen. <span class=\"Apple-converted-space\">\u00a0<\/span><\/p>\n","protected":false},"excerpt":{"rendered":"<p class=\"p1\">Canasta de bellas flores con Bocas de Drag\u00f3n, gerberas fucsia, girasoles y rusco. Tiene una canasta mediana.<\/p>\n","protected":false},"featured_media":263,"template":"","meta":{"spay_email":"","jetpack_publicize_message":"","jetpack_is_tweetstorm":false,"jetpack_publicize_feature_enabled":true},"product_cat":[52,40,35,33,44,45,46,16],"product_tag":[],"class_list":["post-266","product","type-product","status-publish","has-post-thumbnail","hentry","product_cat-arreglo","product_cat-agradecimiento","product_cat-amistad","product_cat-cumpleanos","product_cat-dia-de-la-madre","product_cat-para-el","product_cat-para-ella","product_cat-exoticas","notblog"],"_links":{"self":[{"href":"https:\/\/regalaflores.com\/site\/wp-json\/wp\/v2\/product\/266","targetHints":{"allow":["GET"]}}],"collection":[{"href":"https:\/\/regalaflores.com\/site\/wp-json\/wp\/v2\/product"}],"about":[{"href":"https:\/\/regalaflores.com\/site\/wp-json\/wp\/v2\/types\/product"}],"wp:featuredmedia":[{"embeddable":true,"href":"https:\/\/regalaflores.com\/site\/wp-json\/wp\/v2\/media\/263"}],"wp:attachment":[{"href":"https:\/\/regalaflores.com\/site\/wp-json\/wp\/v2\/media?parent=266"}],"wp:term":[{"taxonomy":"product_cat","embeddable":true,"href":"https:\/\/regalaflores.com\/site\/wp-json\/wp\/v2\/product_cat?post=266"},{"taxonomy":"product_tag","embeddable":true,"href":"https:\/\/regalaflores.com\/site\/wp-json\/wp\/v2\/product_tag?post=266"}],"curies":[{"name":"wp","href":"https:\/\/api.w.org\/{rel}","templated":true}]}}