{"id":42,"date":"2020-02-10T14:07:22","date_gmt":"2020-02-10T19:07:22","guid":{"rendered":"http:\/\/regalaflores.com\/wp\/?post_type=product&#038;p=42"},"modified":"2021-10-14T19:25:13","modified_gmt":"2021-10-15T00:25:13","slug":"48-rosas-confeti","status":"publish","type":"product","link":"https:\/\/regalaflores.com\/site\/producto\/48-rosas-confeti\/","title":{"rendered":"48 Rosas"},"content":{"rendered":"<p class=\"p1\">Se utiliza aproximadamente: 48 rosas y 5 paquetes de rusco.Tiene una base cuadrada 20 x 24 de madera, con una l\u00e1mina de oasis h\u00fameda y forrada en papel celof\u00e1n para proteger la caja. Mide aproximadamente 55 cm de alto.Empezar a elaborar desde el centro hac\u00eda afuera y decorar con rusco para tapar la base de oasis.<span class=\"Apple-converted-space\">\u00a0<\/span><\/p>\n","protected":false},"excerpt":{"rendered":"<p class=\"p1\">rreglo de 48 Rosas Confeti o del color seleccionado, follaje en rusco y base de madera.<\/p>\n","protected":false},"featured_media":43,"template":"","meta":{"spay_email":"","jetpack_publicize_message":"","jetpack_is_tweetstorm":false,"jetpack_publicize_feature_enabled":true},"product_cat":[52,81,35,43,47,33,44,46,17],"product_tag":[],"class_list":["post-42","product","type-product","status-publish","has-post-thumbnail","hentry","product_cat-arreglo","product_cat-flores","product_cat-amistad","product_cat-amor","product_cat-aniversario","product_cat-cumpleanos","product_cat-dia-de-la-madre","product_cat-para-ella","product_cat-rosas","notblog","rtwpvs-product"],"_links":{"self":[{"href":"https:\/\/regalaflores.com\/site\/wp-json\/wp\/v2\/product\/42","targetHints":{"allow":["GET"]}}],"collection":[{"href":"https:\/\/regalaflores.com\/site\/wp-json\/wp\/v2\/product"}],"about":[{"href":"https:\/\/regalaflores.com\/site\/wp-json\/wp\/v2\/types\/product"}],"wp:featuredmedia":[{"embeddable":true,"href":"https:\/\/regalaflores.com\/site\/wp-json\/wp\/v2\/media\/43"}],"wp:attachment":[{"href":"https:\/\/regalaflores.com\/site\/wp-json\/wp\/v2\/media?parent=42"}],"wp:term":[{"taxonomy":"product_cat","embeddable":true,"href":"https:\/\/regalaflores.com\/site\/wp-json\/wp\/v2\/product_cat?post=42"},{"taxonomy":"product_tag","embeddable":true,"href":"https:\/\/regalaflores.com\/site\/wp-json\/wp\/v2\/product_tag?post=42"}],"curies":[{"name":"wp","href":"https:\/\/api.w.org\/{rel}","templated":true}]}}